 + -1*5. Let h(t) = t**2 + 8*t + 2. Let o be h(k). Let r(c) = -3*c. Let l(m) = -5*m - 1. Let z(p) = 2*l(p) - 3*r(p). Calculate z(o).
3
Suppose a - 3 = -u - 2, -3 = 5*a - 3*u. Let i(y) = -y**3 + y**2 + y - 29. Calculate i(a).
-29
Let i be 10/(-8) + 1/4. Let g(c) = 2*c - 5 + 4 - c + c. What is g(i)?
-3
Let t(x) = -x - 6. Let r be ((-12)/(-26))/(-3) - (-252)/(-52). Give t(r).
-1
Let q(i) = i**2 + 9*i + 13. Let g(w) = 1. Let h(k) = -6*g(k) + q(k). Give h(-7).
-7
Let p(f) be the third derivative of f**5/60 + f**4/4 + 5*f**3/6 - 5*f**2. Let k = 7 - 5. Suppose -l - k = 2. What is p(l)?
-3
Let w(a) = -a**2 + 10*a - 8. Let b(s) = -4*s**2 + 31*s - 23. Let r(f) = 2*b(f) - 7*w(f). Calculate r(-9).
1
Let b = 142 + -135. Let g(m) = -6*m + 10. Give g(b).
-32
Suppose -4*b + 17 = -11. Let d(i) = -i**3 + 7*i**2 + i - 9. Calculate d(b).
-2
Let h(t) = -t**3 + 5*t**2 + 7*t - 3. Let q be h(6). Let i(u) = u**2 - 2*u**2 + 7*u + 1 - q*u + 6. What is i(6)?
-5
Suppose 3*f + 16 = 4*f. Let s be (f - 0)/2 + 0. Let r be (s/(-20))/(2/10). Let x(i) = 2*i. What is x(r)?
-4
Let t(j) be the second derivative of -j**3/6 - 2*j**2 - 13*j. Determine t(0).
-4
Let x(s) = s - 1. Suppose -4*v + 2 = -2*v. Let k(y) = y - 6. Let o(t) = v*k(t) - 5*x(t). Determine o(-1).
3
Suppose -k + 4*k = a - 2, 2*k = a - 2. Suppose k = 3*x - 8*x + 30. Suppose 3*f - 5 = z, 4*z + f - x = -0*f. Let g(j) = -5*j - 1. What is g(z)?
-6
Let s(h) = -h - 1. Let z(q) = q**2 - 6. Let g(l) = -5*s(l) + z(l). Suppose -15 = 2*y + 3*i + 4, -37 = 5*y + 4*i. Give g(y).
-1
Let r(p) = p**3 + 5*p**2 + 2*p + 6. Suppose -3*h = 3*n + 3, 0 = -h + n - 8 - 1. Calculate r(h).
-4
Let g(t) = t**2 + t. Let i(o) = -3*o**2 + 2*o. Let c(w) = g(w) + i(w). Let u be 9*4*(-3)/(-18). Suppose -5*h - u = -3*n - 0, 2*h = n - 2. What is c(n)?
-2
Let b(a) = -a**3 + 3*a**2 + 3*a + 3. Let p(j) = j**3 + 3*j**2 - 8*j - 6. Let g be p(-5). Let x = 20 + g. What is b(x)?
-1
Let k(b) = -b - b**2 - 5*b + 5*b + 6*b. What is k(6)?
-6
Let d(u) = u. Suppose 4*r = 4 - 8. Determine d(r).
-1
Let b(i) = 15*i**3 - 14*i**3 + i - 6*i**3. Determine b(-1).
4
Let k(f) = f - 1. Let c(n) = -4*n + 2*n - 5*n + 0 + 3. Let t(o) = -c(o) - 2*k(o). What is t(-1)?
-6
Let v = 5 - 2. Let u(c) be the third derivative of -c**5/60 + c**4/8 + c**3/3 - 12*c**2. Determine u(v).
2
Let o(w) = -w**2 - 5*w - 3. Suppose -4*t = 2*x - 18, x = -3*x + 5*t + 10. Suppose x*q = 4*q + 2. Suppose -p = q*p + 15. What is o(p)?
-3
Let q(v) = -v**3 + 3*v**2 + 6*v - 2. Let f(d) = -d**3 - 5*d**2 + 6*d + 1. Let r(u) = -1. Let k(c) = f(c) - 3*r(c). Let h be k(-6). What is q(h)?
6
Let a(l) = -7*l**2 + 14*l - 9. Let j(m) = 3*m**2 - 7*m + 5. Let t(f) = 2*a(f) + 5*j(f). Give t(6).
1
Let w(l) = -l - 1. Let o(z) = 5*z - 8*z + 4*z. Let u(r) = -4*o(r) + w(r). Give u(1).
-6
Let w = 1 - 0. Let s = 6 - w. Let m(n) = -n + 1. Give m(s).
-4
Let j(t) be the first derivative of -t**5/120 + t**4/12 - t**3 - 4. Let s(r) be the third derivative of j(r). Determine s(1).
1
Let f(p) = p**2 + 4*p. Suppose -4*y + y = -15. Let g(o) = -o - o**3 + 2*o - 2*o + 5*o**2. Let u be g(y). Give f(u).
5
Let c(x) = 5*x + 2. Let r(q) = -6*q - 3. Let d(f) = f**3 - 3*f**2 - 2*f - 3. Let a be d(4). Let v(u) = a*c(u) + 4*r(u). Determine v(3).
1
Let n = -69 - -75. Let l(a) be the first derivative of 4/3*a**3 + 1 + a**2 - n*a - 1/4*a**4. Give l(4).
2
Suppose k + 2 = -t - 0*t, -3*k = t + 12. Let q(d) = t*d**2 + 4*d - 1 - 3*d + 2. Let b(p) = -2*p**2 - 1. Let g(j) = 4*b(j) + 3*q(j). What is g(2)?
9
Let y(d) = d**3 - 5*d**2 + 2*d - 4. Suppose 0 = f - c - 14, -3*f + 2*f = -4*c - 14. Let k = -9 + f. Determine y(k).
6
Let y(a) = -a - 4. Let v be 1/3 + (-2)/(-3). Let m = 0 + v. Let f = -3 - m. Give y(f).
0
Let i(a) be the third derivative of 0 + 2*a**2 + 0*a + 0*a**4 + 1/30*a**5 - 1/6*a**3. Let f(j) = j**2 - 3*j + 1. Let p be f(2). What is i(p)?
1
Let c(f) be the second derivative of -f**4/12 + 2*f**3/3 - 10*f. Give c(4).
0
Suppose -1 - 1 = -2*k. Let i(z) = z**2 + z - 1. Let a(o) be the second derivative of o**4/3 + o**3/3 - o**2/2 - 2*o. Let l(g) = k*a(g) - 2*i(g). Give l(1).
3
Let n(j) be the second derivative of 3*j + 0 + 3/2*j**2 + 2/3*j**3 + 1/12*j**4. Let c = -4 - -2. Give n(c).
-1
Let d be (1 - (-6)/(-3))/(3/18). Let q(w) = 2*w + 1. Determine q(d).
-11
Suppose -d - 13 = -11. Let o(i) be the second derivative of i**3 + 3*i**2/2 + 5*i. What is o(d)?
-9
Let x = -14 + 7. Let k(d) = 0*d**3 + d**2 - 2*d**3 + 3*d**3 + 5*d**2 - 7*d. Give k(x).
0
Let n = -159 - -152. Let l(z) = -z**3 - 8*z**2 - 8*z - 1. Give l(n).
6
Let n(m) = -3*m**2 - 3*m. Let j be (-1)/(-4*(-4)/32). Determine n(j).
-6
Suppose 0 = g - 1 - 16. Let n = g - 23. Let z(o) = -o**2 - 7*o - 7. Give z(n).
-1
Suppose 7 = -2*b - 5*c, 0 = 4*b + c - 3*c - 22. Let o(m) = -m**3 + 5*m**2 - 4*m + 3. Let y be o(b). Let p(a) = -y*a**2 + 2*a**2 + 4 - 1. What is p(-3)?
-6
Let n be (-25)/6 - 1/(-6). Let x(u) = u**3 + 4*u**2 - 2*u + 2. Determine x(n).
10
Let g(j) be the second derivative of -j**8/6720 + j**7/840 - j**6/240 + j**5/40 + j**4/6 - 2*j. Let z(b) be the third derivative of g(b). Give z(3).
-6
Let p(r) = r**2 + 3*r + 2. Let q(o) = o**3 - 6*o**2 - 2*o - 1. Let b be q(6). Suppose 5*u + 9 = 4*u. Let s = b - u. Give p(s).
6
Let k be (-2 - (-4)/2) + 3. Let h(o) = o - 6. Give h(k).
-3
Let i(w) = -7*w**3 - 5*w**2 + 12*w - 10. Let l(g) = 10*g**3 + 8*g**2 - 18*g + 15. Let v(q) = -7*i(q) - 5*l(q). Calculate v(-6).
-5
Let o(i) = i. Let q = 7 - 6. What is o(q)?
1
Let i(v) = -v**2 - 5*v. Suppose -2*k + 5*k = -12. Give i(k).
4
Let f be 6/((-1)/(-1) - 0). Let m(p) = 3*p - f + p**3 - p - p**2 + 2*p - 4*p**2. Let a be m(4). Let b(w) = w + 8. Calculate b(a).
2
Let r(u) be the first derivative of u**5/20 - 5*u**4/12 + u**3 - 3*u**2 + u - 3. Let k(s) be the first derivative of r(s). Give k(4).
2
Suppose 5*u + 16 = u. Let p be u/(-14) - 48/21. Let r(d) be the third derivative of -d**4/6 - d**3/3 + 4*d**2. Give r(p).
6
Let u(n) = -n**3 + 8*n**2 + n - 6. Let p be u(8). Let r(s) = -2*s**2 + 10*s**2 + 2*s**p. Give r(-1).
10
Suppose -28 = -4*r - 4*c, r = -5*c + 1 + 26. Let b(y) = -2*y + 27*y**r - 31*y**2 + 3*y. Calculate b(-1).
-5
Let h(y) = y**3 - 5*y**2. Let w be h(5). Suppose w = -5*q + 1 - 26. Let n(c) = -c**3 - 6*c**2 - 4*c - 4. Determine n(q).
-9
Let a(o) be the third derivative of -7*o**5/60 - o**4/24 + o**3/6 - o**2. Let l be (-7)/(-3)*-3 - 4. Let i = 12 + l. What is a(i)?
-7
Let a(y) = y**2 + 9*y + 4. Let m be a(-9). Let b(n) = 2*n - 5*n - 5*n + m*n. Determine b(1).
-4
Let o(g) be the second derivative of -g**4/6 + g**3/3 + g**2/2 - g. Let r = -2 + -8. Let w = r + 9. Determine o(w).
-3
Suppose y + 6 = b, 5*b = 5*y - y + 28. Let s be b*(3/4)/(-1). Let p(v) = 3*v + 1. Let u(a) = 16*a + 4. Let r(i) = -11*p(i) + 2*u(i). Determine r(s).
0
Let k(j) = -j**3 + 10*j**2 - 8*j - 4. Let w be k(9). Suppose -w*l + 24 = 4. Let u(g) = -g**2 + 5*g + 1. What is u(l)?
5
Let j = -1 - -1. Suppose v = -k - 3*v - 25, j = 4*k + v + 25. Let m(o) = -5*o - 6 + 4*o + 2. Calculate m(k).
1
Let f = 18 + -11. Let m(n) = n**2 - 8*n - 1. Calculate m(f).
-8
Let o(k) be the first derivative of -1/3*k**3 - 3/2*k**2 + 8*k + 3. Calculate o(-6).
-10
Let c = 7 + -9. Let h be -1*(-1)/c*-8. Let k(a) = a**3 - 5*a**2 + 5*a + 3. Determine k(h).
7
Let h(l) = l - 1. Let m be h(5). Suppose 0 = -m*d + 2*s - 10, -3*d - 6 = 2*s - 4*s. Let t(c) = 2*c**2 + 5*c - 3. What is t(d)?
9
Let g(q) = 49*q + 4. Let f(t) = -12*t - 1. Let i(j) = 9*f(j) + 2*g(j). Let a = 0 - 1. Determine i(a).
9
Let z(r) be the second derivative of -r**6/360 - r**5/120 + r**3/6 + 3*r. Let y(x) be the second derivative of z(x). Let k be (-2*1 - 0) + 0. Determine y(k).
-2
Let z = -13 - -15. Let h(a) = 2*a**2 + a**z - 7*a - 4*a**2 - 5. Let v = 5 - 9. What is h(v)?
7
Let q(n) = -6*n + 1. Let o be q(2). Let s = o + 15. Let p(l) = -l**3 + 5*l**2 - 5*l + 3. Calculate p(s).
-1
Let h(a) = 2*a**3 + 2*a**2 + a. Let v(k) = -7*k. Let d be v(1). Let o = d + 6. Calculate h(o).
-1
Suppose -2*k = -k - 2. Let l(c) = c**k + 4 + 4*c - 3 + 5 + 2*c. Calculate l(-6).
6
Suppose -t - 2*t = 6. Let v = t - -3. Let y(k) = 8199*k + 2 - 8206*k - 1. Determine y(v).
-6
Let s be 0 + 1 + 1 - 0. Suppose y - 8 = -4*o, o = y + s*o - 5. Let u(h) be the second derivative of -h**5/20 + h**4/4 + 2*h**3/3 - 3*h**2/2 + h. Determine u(y).
-3
Let